{"id":2957,"date":"2019-06-04T16:04:51","date_gmt":"2019-06-04T14:04:51","guid":{"rendered":"http:\/\/www.cpcrsoeurs.org\/?page_id=2957"},"modified":"2024-07-22T11:25:50","modified_gmt":"2024-07-22T09:25:50","slug":"charte-de-confidentialite","status":"publish","type":"page","link":"https:\/\/www.cpcrsoeurs.org\/index.php\/charte-de-confidentialite\/","title":{"rendered":"Charte de confidentialit\u00e9"},"content":{"rendered":"<div class=\"wpb-content-wrapper\"><p>[vc_row][vc_column width=&#8221;1\/4&#8243;][\/vc_column][vc_column width=&#8221;1\/2&#8243;][vc_column_text]<\/p>\n<h4 style=\"text-align: center;\"><span style=\"color: #ff9900;\">Chartre de Confidentialit\u00e9<\/span><\/h4>\n<h5 style=\"text-align: center;\"><span style=\"color: #999999;\">Parce que chacun d&#8217;entre nous est unique<br \/>\nsous le regard de Dieu, <\/span><\/h5>\n<h5 style=\"text-align: center;\"><span style=\"color: #999999;\">parce que nous voulons respecter<br \/>\nla vie priv\u00e9e de chacun.<\/span><\/h5>\n<p>[\/vc_column_text][vc_empty_space alter_height=&#8221;large&#8221; hide_on_mobile=&#8221;1,2&#8243;][vc_column_text]<img fetchpriority=\"high\" decoding=\"async\" class=\"wp-image-2982 aligncenter\" src=\"https:\/\/www.cpcrsoeurs.org\/wp-content\/uploads\/2019\/06\/19-06FemdosEglise-227x300.jpg\" alt=\"\" width=\"227\" height=\"300\" \/>[\/vc_column_text][\/vc_column][vc_column width=&#8221;1\/4&#8243;][\/vc_column][\/vc_row][vc_row][vc_column width=&#8221;1\/6&#8243;][\/vc_column][vc_column width=&#8221;2\/3&#8243;][vc_empty_space alter_height=&#8221;medium&#8221; hide_on_mobile=&#8221;1,2&#8243;][vc_column_text css=&#8221;.vc_custom_1721639777576{padding-top: 20px !important;padding-bottom: 20px !important;}&#8221;]Nous sommes une Congr\u00e9gation religieuse l\u00e9galement reconnue, de droit pontifical. Dans le cadre de notre mission nous organisons tout au long de l\u2019ann\u00e9e diverses activit\u00e9s spirituelles\u00a0: retraites, journ\u00e9es de r\u00e9collections, journ\u00e9es de pri\u00e8re ou diverses r\u00e9unions, toujours \u00e0 but spirituel. Ces diverses activit\u00e9s peuvent nous amener \u00e0 collecter des informations et donn\u00e9es personnelles.<\/p>\n<p>Les informations recueillies sont communiqu\u00e9es aux P\u00e8res, Fr\u00e8res et Soeurs en charge de l&#8217;accompagnement spirituel, de l&#8217;accueil, de l&#8217;\u00e9conomat et du secr\u00e9tariat. Lorsqu\u2019il y a des adh\u00e9sions \u00e0 l\u2019Association <em>Notre Dame de Fatima<\/em>, (Association loi 1901) les donn\u00e9es sont partag\u00e9es avec les membres du bureau de l\u2019Association.<\/p>\n<p>Les donn\u00e9es r\u00e9colt\u00e9es lors des retraites spirituelles, peuvent \u00eatre <em>partiellement<\/em> communiqu\u00e9es aux responsables des Fraternit\u00e9s rattach\u00e9es \u00e0 la Communaut\u00e9 Notre Dame de Fatima. Les retraitants sont pr\u00e9alablement pr\u00e9venus et peuvent refuser cette diffusion.<\/p>\n<p>Le Responsable du traitement des donn\u00e9es est la Congr\u00e9gation des Soeurs Coop\u00e9ratrices Paroissiales du Christ Roi, personne morale \u2013 Maison Notre Dame de Fatima, Bieuzy-Lanvaux 56330 PLUVIGNER[\/vc_column_text][vc_column_text css=&#8221;.vc_custom_1721639673006{padding-top: 20px !important;padding-right: 0px !important;padding-bottom: 20px !important;padding-left: 0px !important;}&#8221;]<strong>Les fondements juridiques de ces traitements<\/strong> sont le consentement, l&#8217;ex\u00e9cution contractuelle, le respect des obligations l\u00e9gales et notre int\u00e9r\u00eat l\u00e9gitime.<\/p>\n<p>Nous veillons \u00e0 mettre en \u0153uvre des mesures de protection juridiques, techniques et organisationnelles appropri\u00e9es pour garantir la s\u00e9curit\u00e9 des donn\u00e9es personnelles collect\u00e9es.<\/p>\n<p>En application des dispositions l\u00e9gales et r\u00e9glementaires en vigueur, toute personne concern\u00e9e par les traitements mis en \u0153uvre par les C.P.C.R.* dispose d&#8217;un droit d\u2019acc\u00e8s, de rectification ou d\u2019effacement, de limitation du traitement de ses donn\u00e9es, d\u2019un droit \u00e0 la portabilit\u00e9, d\u2019un droit d\u2019opposition aux traitements, ainsi que du droit de d\u00e9finir des directives sur leur sort apr\u00e8s son d\u00e9c\u00e8s. Ces droits peuvent s\u2019exercer, le cas \u00e9ch\u00e9ant, sans pr\u00e9judice de l\u2019int\u00e9r\u00eat l\u00e9gitime motiv\u00e9 des C.P.C.R.*.<\/p>\n<p>Pour plus d\u2019information nous vous invitons \u00e0 consulter le site de la Commission Nationale de l\u2019Informatique et des Libert\u00e9s (CNIL) : https:\/\/www.cnil.fr\/fr\/comprendre-vos-droits . Vous pouvez exercer vos droits, sans frais, aupr\u00e8s du C.P.C.R.*.<\/p>\n<p>(* Coop\u00e9ratrices Paroissiales du Christ Roi.)<\/p>\n<p style=\"text-align: center;\"><strong>EXERCER VOS DROITS<\/strong><\/p>\n<p style=\"text-align: center;\">Pour cela il suffit de nous contacter\u00a0:<\/p>\n<p style=\"text-align: center;\"><strong>Maison Notre Dame de Fatima<\/strong><br \/>\nBieuzy-Lanvaux 56330 PLUVIGNER<br \/>\nT\u00e9l : 02 97 56 01 69<br \/>\n<a href=\"mailto:contatct.bieuzy@cpcrsoeurs.org\">contatct.bieuzy@cpcrsoeurs.org<\/a><\/p>\n<p style=\"text-align: center;\"><strong>Maison Nazareth<\/strong><br \/>\n550 Chemin de Nazareth &#8211; 26120 CHABEUIL<br \/>\n04 75 59 00 05<br \/>\n<span class=\"wixui-rich-text__text\"><a class=\"wixui-rich-text__text\" href=\"mailto:contact@maison-nazareth.fr\" target=\"_self\" rel=\"noopener\">contact@maison-nazareth.fr<\/a><\/span><\/p>\n<p>L\u2019exercice de vos droits est subordonn\u00e9 \u00e0 la production d\u2019un <strong>titre d\u2019identit\u00e9<\/strong> que vous devez joindre \u00e0 votre demande.<\/p>\n<p><strong>En cas de r\u00e9clamation<\/strong>, vous disposez d\u2019un droit de saisir l\u2019autorit\u00e9 de protection fran\u00e7aise, la Commission Nationale de l\u2019Informatique et des Libert\u00e9s (CNIL) : <a href=\"https:\/\/www.cnil.fr\/\">https:\/\/www.cnil.fr<\/a>[\/vc_column_text][\/vc_column][vc_column width=&#8221;1\/6&#8243;][\/vc_column][\/vc_row]<\/p>\n<\/div>","protected":false},"excerpt":{"rendered":"<p>[vc_row][vc_column width=&#8221;1\/4&#8243;][\/vc_column][vc_column width=&#8221;1\/2&#8243;][vc_column_text] Chartre de Confidentialit\u00e9 Parce que chacun d&#8217;entre nous est unique sous le regard de Dieu, parce que nous voulons respecter la vie priv\u00e9e de chacun. [\/vc_column_text][vc_empty_space alter_height=&#8221;large&#8221; hide_on_mobile=&#8221;1,2&#8243;][vc_column_text][\/vc_column_text][\/vc_column][vc_column width=&#8221;1\/4&#8243;][\/vc_column][\/vc_row][vc_row][vc_column width=&#8221;1\/6&#8243;][\/vc_column][vc_column width=&#8221;2\/3&#8243;][vc_empty_space alter_height=&#8221;medium&#8221; hide_on_mobile=&#8221;1,2&#8243;][vc_column_text css=&#8221;.vc_custom_1721639777576{padding-top: 20px !important;padding-bottom: 20px !important;}&#8221;]Nous sommes une Congr\u00e9gation religieuse l\u00e9galement reconnue, de droit pontifical. Dans le cadre de notre mission nous organisons tout au&hellip;<\/p>\n","protected":false},"author":1,"featured_media":0,"parent":0,"menu_order":0,"comment_status":"closed","ping_status":"closed","template":"","meta":{"footnotes":""},"yoast_head":"<!-- This site is optimized with the Yoast SEO plugin v22.8 - https:\/\/yoast.com\/wordpress\/plugins\/seo\/ -->\n<title>Charte de confidentialit\u00e9 - Soeurs CPCR<\/title>\n<meta name=\"robots\" content=\"index, follow, max-snippet:-1, max-image-preview:large, max-video-preview:-1\" \/>\n<link rel=\"canonical\" href=\"https:\/\/www.cpcrsoeurs.org\/index.php\/charte-de-confidentialite\/\" \/>\n<meta property=\"og:locale\" content=\"fr_FR\" \/>\n<meta property=\"og:type\" content=\"article\" \/>\n<meta property=\"og:title\" content=\"Charte de confidentialit\u00e9 - Soeurs CPCR\" \/>\n<meta property=\"og:description\" content=\"[vc_row][vc_column width=&#8221;1\/4&#8243;][\/vc_column][vc_column width=&#8221;1\/2&#8243;][vc_column_text] Chartre de Confidentialit\u00e9 Parce que chacun d&#8217;entre nous est unique sous le regard de Dieu, parce que nous voulons respecter la vie priv\u00e9e de chacun. [\/vc_column_text][vc_empty_space alter_height=&#8221;large&#8221; hide_on_mobile=&#8221;1,2&#8243;][vc_column_text][\/vc_column_text][\/vc_column][vc_column width=&#8221;1\/4&#8243;][\/vc_column][\/vc_row][vc_row][vc_column width=&#8221;1\/6&#8243;][\/vc_column][vc_column width=&#8221;2\/3&#8243;][vc_empty_space alter_height=&#8221;medium&#8221; hide_on_mobile=&#8221;1,2&#8243;][vc_column_text css=&#8221;.vc_custom_1721639777576{padding-top: 20px !important;padding-bottom: 20px !important;}&#8221;]Nous sommes une Congr\u00e9gation religieuse l\u00e9galement reconnue, de droit pontifical. Dans le cadre de notre mission nous organisons tout au&hellip;\" \/>\n<meta property=\"og:url\" content=\"https:\/\/www.cpcrsoeurs.org\/index.php\/charte-de-confidentialite\/\" \/>\n<meta property=\"og:site_name\" content=\"Soeurs CPCR\" \/>\n<meta property=\"article:modified_time\" content=\"2024-07-22T09:25:50+00:00\" \/>\n<meta property=\"og:image\" content=\"https:\/\/www.cpcrsoeurs.org\/wp-content\/uploads\/2019\/06\/19-06FemdosEglise-227x300.jpg\" \/>\n<meta name=\"twitter:card\" content=\"summary_large_image\" \/>\n<meta name=\"twitter:label1\" content=\"Dur\u00e9e de lecture estim\u00e9e\" \/>\n\t<meta name=\"twitter:data1\" content=\"3 minutes\" \/>\n<script type=\"application\/ld+json\" class=\"yoast-schema-graph\">{\"@context\":\"https:\/\/schema.org\",\"@graph\":[{\"@type\":\"WebPage\",\"@id\":\"https:\/\/www.cpcrsoeurs.org\/index.php\/charte-de-confidentialite\/\",\"url\":\"https:\/\/www.cpcrsoeurs.org\/index.php\/charte-de-confidentialite\/\",\"name\":\"Charte de confidentialit\u00e9 - Soeurs CPCR\",\"isPartOf\":{\"@id\":\"https:\/\/www.cpcrsoeurs.org\/#website\"},\"primaryImageOfPage\":{\"@id\":\"https:\/\/www.cpcrsoeurs.org\/index.php\/charte-de-confidentialite\/#primaryimage\"},\"image\":{\"@id\":\"https:\/\/www.cpcrsoeurs.org\/index.php\/charte-de-confidentialite\/#primaryimage\"},\"thumbnailUrl\":\"https:\/\/www.cpcrsoeurs.org\/wp-content\/uploads\/2019\/06\/19-06FemdosEglise-227x300.jpg\",\"datePublished\":\"2019-06-04T14:04:51+00:00\",\"dateModified\":\"2024-07-22T09:25:50+00:00\",\"breadcrumb\":{\"@id\":\"https:\/\/www.cpcrsoeurs.org\/index.php\/charte-de-confidentialite\/#breadcrumb\"},\"inLanguage\":\"fr-FR\",\"potentialAction\":[{\"@type\":\"ReadAction\",\"target\":[\"https:\/\/www.cpcrsoeurs.org\/index.php\/charte-de-confidentialite\/\"]}]},{\"@type\":\"ImageObject\",\"inLanguage\":\"fr-FR\",\"@id\":\"https:\/\/www.cpcrsoeurs.org\/index.php\/charte-de-confidentialite\/#primaryimage\",\"url\":\"https:\/\/www.cpcrsoeurs.org\/wp-content\/uploads\/2019\/06\/19-06FemdosEglise-e1562766775629.jpg\",\"contentUrl\":\"https:\/\/www.cpcrsoeurs.org\/wp-content\/uploads\/2019\/06\/19-06FemdosEglise-e1562766775629.jpg\",\"width\":265,\"height\":350,\"caption\":\"OK\"},{\"@type\":\"BreadcrumbList\",\"@id\":\"https:\/\/www.cpcrsoeurs.org\/index.php\/charte-de-confidentialite\/#breadcrumb\",\"itemListElement\":[{\"@type\":\"ListItem\",\"position\":1,\"name\":\"Accueil\",\"item\":\"https:\/\/www.cpcrsoeurs.org\/\"},{\"@type\":\"ListItem\",\"position\":2,\"name\":\"Charte de confidentialit\u00e9\"}]},{\"@type\":\"WebSite\",\"@id\":\"https:\/\/www.cpcrsoeurs.org\/#website\",\"url\":\"https:\/\/www.cpcrsoeurs.org\/\",\"name\":\"Soeurs CPCR\",\"description\":\"\",\"publisher\":{\"@id\":\"https:\/\/www.cpcrsoeurs.org\/#organization\"},\"potentialAction\":[{\"@type\":\"SearchAction\",\"target\":{\"@type\":\"EntryPoint\",\"urlTemplate\":\"https:\/\/www.cpcrsoeurs.org\/?s={search_term_string}\"},\"query-input\":\"required name=search_term_string\"}],\"inLanguage\":\"fr-FR\"},{\"@type\":\"Organization\",\"@id\":\"https:\/\/www.cpcrsoeurs.org\/#organization\",\"name\":\"Soeurs CPCR\",\"url\":\"https:\/\/www.cpcrsoeurs.org\/\",\"logo\":{\"@type\":\"ImageObject\",\"inLanguage\":\"fr-FR\",\"@id\":\"https:\/\/www.cpcrsoeurs.org\/#\/schema\/logo\/image\/\",\"url\":\"https:\/\/www.cpcrsoeurs.org\/wp-content\/uploads\/2019\/07\/19CPCRLogoSite.jpg\",\"contentUrl\":\"https:\/\/www.cpcrsoeurs.org\/wp-content\/uploads\/2019\/07\/19CPCRLogoSite.jpg\",\"width\":709,\"height\":425,\"caption\":\"Soeurs CPCR\"},\"image\":{\"@id\":\"https:\/\/www.cpcrsoeurs.org\/#\/schema\/logo\/image\/\"}}]}<\/script>\n<!-- \/ Yoast SEO plugin. -->","yoast_head_json":{"title":"Charte de confidentialit\u00e9 - Soeurs CPCR","robots":{"index":"index","follow":"follow","max-snippet":"max-snippet:-1","max-image-preview":"max-image-preview:large","max-video-preview":"max-video-preview:-1"},"canonical":"https:\/\/www.cpcrsoeurs.org\/index.php\/charte-de-confidentialite\/","og_locale":"fr_FR","og_type":"article","og_title":"Charte de confidentialit\u00e9 - Soeurs CPCR","og_description":"[vc_row][vc_column width=&#8221;1\/4&#8243;][\/vc_column][vc_column width=&#8221;1\/2&#8243;][vc_column_text] Chartre de Confidentialit\u00e9 Parce que chacun d&#8217;entre nous est unique sous le regard de Dieu, parce que nous voulons respecter la vie priv\u00e9e de chacun. [\/vc_column_text][vc_empty_space alter_height=&#8221;large&#8221; hide_on_mobile=&#8221;1,2&#8243;][vc_column_text][\/vc_column_text][\/vc_column][vc_column width=&#8221;1\/4&#8243;][\/vc_column][\/vc_row][vc_row][vc_column width=&#8221;1\/6&#8243;][\/vc_column][vc_column width=&#8221;2\/3&#8243;][vc_empty_space alter_height=&#8221;medium&#8221; hide_on_mobile=&#8221;1,2&#8243;][vc_column_text css=&#8221;.vc_custom_1721639777576{padding-top: 20px !important;padding-bottom: 20px !important;}&#8221;]Nous sommes une Congr\u00e9gation religieuse l\u00e9galement reconnue, de droit pontifical. Dans le cadre de notre mission nous organisons tout au&hellip;","og_url":"https:\/\/www.cpcrsoeurs.org\/index.php\/charte-de-confidentialite\/","og_site_name":"Soeurs CPCR","article_modified_time":"2024-07-22T09:25:50+00:00","og_image":[{"url":"https:\/\/www.cpcrsoeurs.org\/wp-content\/uploads\/2019\/06\/19-06FemdosEglise-227x300.jpg"}],"twitter_card":"summary_large_image","twitter_misc":{"Dur\u00e9e de lecture estim\u00e9e":"3 minutes"},"schema":{"@context":"https:\/\/schema.org","@graph":[{"@type":"WebPage","@id":"https:\/\/www.cpcrsoeurs.org\/index.php\/charte-de-confidentialite\/","url":"https:\/\/www.cpcrsoeurs.org\/index.php\/charte-de-confidentialite\/","name":"Charte de confidentialit\u00e9 - Soeurs CPCR","isPartOf":{"@id":"https:\/\/www.cpcrsoeurs.org\/#website"},"primaryImageOfPage":{"@id":"https:\/\/www.cpcrsoeurs.org\/index.php\/charte-de-confidentialite\/#primaryimage"},"image":{"@id":"https:\/\/www.cpcrsoeurs.org\/index.php\/charte-de-confidentialite\/#primaryimage"},"thumbnailUrl":"https:\/\/www.cpcrsoeurs.org\/wp-content\/uploads\/2019\/06\/19-06FemdosEglise-227x300.jpg","datePublished":"2019-06-04T14:04:51+00:00","dateModified":"2024-07-22T09:25:50+00:00","breadcrumb":{"@id":"https:\/\/www.cpcrsoeurs.org\/index.php\/charte-de-confidentialite\/#breadcrumb"},"inLanguage":"fr-FR","potentialAction":[{"@type":"ReadAction","target":["https:\/\/www.cpcrsoeurs.org\/index.php\/charte-de-confidentialite\/"]}]},{"@type":"ImageObject","inLanguage":"fr-FR","@id":"https:\/\/www.cpcrsoeurs.org\/index.php\/charte-de-confidentialite\/#primaryimage","url":"https:\/\/www.cpcrsoeurs.org\/wp-content\/uploads\/2019\/06\/19-06FemdosEglise-e1562766775629.jpg","contentUrl":"https:\/\/www.cpcrsoeurs.org\/wp-content\/uploads\/2019\/06\/19-06FemdosEglise-e1562766775629.jpg","width":265,"height":350,"caption":"OK"},{"@type":"BreadcrumbList","@id":"https:\/\/www.cpcrsoeurs.org\/index.php\/charte-de-confidentialite\/#breadcrumb","itemListElement":[{"@type":"ListItem","position":1,"name":"Accueil","item":"https:\/\/www.cpcrsoeurs.org\/"},{"@type":"ListItem","position":2,"name":"Charte de confidentialit\u00e9"}]},{"@type":"WebSite","@id":"https:\/\/www.cpcrsoeurs.org\/#website","url":"https:\/\/www.cpcrsoeurs.org\/","name":"Soeurs CPCR","description":"","publisher":{"@id":"https:\/\/www.cpcrsoeurs.org\/#organization"},"potentialAction":[{"@type":"SearchAction","target":{"@type":"EntryPoint","urlTemplate":"https:\/\/www.cpcrsoeurs.org\/?s={search_term_string}"},"query-input":"required name=search_term_string"}],"inLanguage":"fr-FR"},{"@type":"Organization","@id":"https:\/\/www.cpcrsoeurs.org\/#organization","name":"Soeurs CPCR","url":"https:\/\/www.cpcrsoeurs.org\/","logo":{"@type":"ImageObject","inLanguage":"fr-FR","@id":"https:\/\/www.cpcrsoeurs.org\/#\/schema\/logo\/image\/","url":"https:\/\/www.cpcrsoeurs.org\/wp-content\/uploads\/2019\/07\/19CPCRLogoSite.jpg","contentUrl":"https:\/\/www.cpcrsoeurs.org\/wp-content\/uploads\/2019\/07\/19CPCRLogoSite.jpg","width":709,"height":425,"caption":"Soeurs CPCR"},"image":{"@id":"https:\/\/www.cpcrsoeurs.org\/#\/schema\/logo\/image\/"}}]}},"_links":{"self":[{"href":"https:\/\/www.cpcrsoeurs.org\/index.php\/wp-json\/wp\/v2\/pages\/2957"}],"collection":[{"href":"https:\/\/www.cpcrsoeurs.org\/index.php\/wp-json\/wp\/v2\/pages"}],"about":[{"href":"https:\/\/www.cpcrsoeurs.org\/index.php\/wp-json\/wp\/v2\/types\/page"}],"author":[{"embeddable":true,"href":"https:\/\/www.cpcrsoeurs.org\/index.php\/wp-json\/wp\/v2\/users\/1"}],"replies":[{"embeddable":true,"href":"https:\/\/www.cpcrsoeurs.org\/index.php\/wp-json\/wp\/v2\/comments?post=2957"}],"version-history":[{"count":3,"href":"https:\/\/www.cpcrsoeurs.org\/index.php\/wp-json\/wp\/v2\/pages\/2957\/revisions"}],"predecessor-version":[{"id":8676,"href":"https:\/\/www.cpcrsoeurs.org\/index.php\/wp-json\/wp\/v2\/pages\/2957\/revisions\/8676"}],"wp:attachment":[{"href":"https:\/\/www.cpcrsoeurs.org\/index.php\/wp-json\/wp\/v2\/media?parent=2957"}],"curies":[{"name":"wp","href":"https:\/\/api.w.org\/{rel}","templated":true}]}}